{"id":975,"date":"2025-09-16T06:58:35","date_gmt":"2025-09-16T06:58:35","guid":{"rendered":"https:\/\/refonte.slowe-studio.com\/refonte\/?page_id=975"},"modified":"2025-09-19T11:30:07","modified_gmt":"2025-09-19T11:30:07","slug":"offre-corporate","status":"publish","type":"page","link":"https:\/\/refonte.slowe-studio.com\/refonte\/index.php\/offre-corporate\/","title":{"rendered":"Offre corporate"},"content":{"rendered":"\t\t<div data-elementor-type=\"wp-page\" data-elementor-id=\"975\" class=\"elementor elementor-975\" data-elementor-post-type=\"page\">\n\t\t\t\t<div class=\"elementor-element elementor-element-2ea4ac4c e-flex e-con-boxed e-con e-parent\" data-id=\"2ea4ac4c\" data-element_type=\"container\">\n\t\t\t\t\t<div class=\"e-con-inner\">\n\t\t\t\t<div class=\"elementor-element elementor-element-227de326 title-xxl elementor-widget elementor-widget-heading\" data-id=\"227de326\" data-element_type=\"widget\" data-settings=\"{&quot;_animation_mobile&quot;:&quot;fadeInUp&quot;}\" data-widget_type=\"heading.default\">\n\t\t\t\t\t<p class=\"elementor-heading-title elementor-size-default\">Offre corporate<\/p>\t\t\t\t<\/div>\n\t\t\t\t<div class=\"elementor-element elementor-element-5091e86d text-body elementor-widget elementor-widget-text-editor\" data-id=\"5091e86d\" data-element_type=\"widget\" data-settings=\"{&quot;_animation_mobile&quot;:&quot;fadeInUp&quot;}\" data-widget_type=\"text-editor.default\">\n\t\t\t\t\t\t\t\t\t<p>Slowe Wellness House accompagne les entreprises dans le bien-\u00eatre au travail avec des programmes sur mesure alliant relaxation, coh\u00e9sion d\u2019\u00e9quipe et performance durable.<\/p>\t\t\t\t\t\t\t\t<\/div>\n\t\t\t\t\t<\/div>\n\t\t\t\t<\/div>\n\t\t<div class=\"elementor-element elementor-element-1f3af93c e-flex e-con-boxed e-con e-parent\" data-id=\"1f3af93c\" data-element_type=\"container\">\n\t\t\t\t\t<div class=\"e-con-inner\">\n\t\t<div class=\"elementor-element elementor-element-3b4a9701 e-con-full e-flex e-con e-child\" data-id=\"3b4a9701\" data-element_type=\"container\">\n\t\t<div class=\"elementor-element elementor-element-b06d2e7 e-flex e-con-boxed e-con e-child\" data-id=\"b06d2e7\" data-element_type=\"container\">\n\t\t\t\t\t<div class=\"e-con-inner\">\n\t\t\t\t<div class=\"elementor-element elementor-element-5819cba2 my-delayed title-xl elementor-invisible elementor-widget elementor-widget-heading\" data-id=\"5819cba2\" data-element_type=\"widget\" data-settings=\"{&quot;_animation&quot;:&quot;fadeInUp&quot;,&quot;_animation_delay&quot;:100}\" data-widget_type=\"heading.default\">\n\t\t\t\t\t<h2 class=\"elementor-heading-title elementor-size-default\">Boostez la performance\net l\u2019attractivit\u00e9 de votre entreprise<\/h2>\t\t\t\t<\/div>\n\t\t\t\t<div class=\"elementor-element elementor-element-4e43bc68 text-body elementor-invisible elementor-widget elementor-widget-text-editor\" data-id=\"4e43bc68\" data-element_type=\"widget\" data-settings=\"{&quot;_animation&quot;:&quot;fadeInUp&quot;,&quot;_animation_delay&quot;:200}\" data-widget_type=\"text-editor.default\">\n\t\t\t\t\t\t\t\t\t<p>Un espace pour se ressourcer, renforcer la coh\u00e9sion d\u2019\u00e9quipe et stimuler leur cr\u00e9ativit\u00e9.<\/p><p>Nos programmes corporate sur-mesure allient toutes nos activit\u00e9s ainsi que des ateliers bien-\u00eatre pour accompagner vos \u00e9quipes vers plus de coh\u00e9sion et d\u2019efficacit\u00e9.<\/p><p>Am\u00e9liorez votre marque employeur, attirez les meilleurs talents et favorisez leur fid\u00e9lisation gr\u00e2ce \u00e0 une exp\u00e9rience bien-\u00eatre unique \u00e0 Paris.<\/p>\t\t\t\t\t\t\t\t<\/div>\n\t\t\t\t\t<\/div>\n\t\t\t\t<\/div>\n\t\t<div class=\"elementor-element elementor-element-3bbd0cf0 e-con-full e-flex e-con e-child\" data-id=\"3bbd0cf0\" data-element_type=\"container\">\n\t\t\t\t<div class=\"elementor-element elementor-element-6959df9e elementor-widget__width-auto elementor-mobile-align-justify cta-responsive elementor-invisible elementor-widget elementor-widget-button\" data-id=\"6959df9e\" data-element_type=\"widget\" data-settings=\"{&quot;_animation&quot;:&quot;fadeInUp&quot;,&quot;_animation_delay&quot;:300}\" data-widget_type=\"button.default\">\n\t\t\t\t\t\t\t\t\t\t<a class=\"elementor-button elementor-button-link elementor-size-sm\" href=\"mailto:hello@slowe-studio.com?subject=Offre%20corporate\">\n\t\t\t\t\t\t<span class=\"elementor-button-content-wrapper\">\n\t\t\t\t\t\t\t\t\t<span class=\"elementor-button-text\">Contactez-nous<\/span>\n\t\t\t\t\t<\/span>\n\t\t\t\t\t<\/a>\n\t\t\t\t\t\t\t\t<\/div>\n\t\t\t\t<\/div>\n\t\t\t\t<\/div>\n\t\t<div class=\"elementor-element elementor-element-53ffd53f e-con-full e-flex elementor-invisible e-con e-child\" data-id=\"53ffd53f\" data-element_type=\"container\" data-settings=\"{&quot;animation&quot;:&quot;fadeInUp&quot;,&quot;animation_delay&quot;:400,&quot;background_background&quot;:&quot;classic&quot;}\">\n\t\t\t\t<div class=\"elementor-element elementor-element-1ac48e9e elementor-absolute elementor-widget elementor-widget-image\" data-id=\"1ac48e9e\" data-element_type=\"widget\" data-settings=\"{&quot;_position&quot;:&quot;absolute&quot;}\" data-widget_type=\"image.default\">\n\t\t\t\t\t\t\t\t\t\t\t\t\t\t\t<img fetchpriority=\"high\" decoding=\"async\" width=\"610\" height=\"318\" src=\"https:\/\/refonte.slowe-studio.com\/refonte\/wp-content\/uploads\/2025\/09\/Group-4.png\" class=\"attachment-medium_large size-medium_large wp-image-891\" alt=\"\" srcset=\"https:\/\/refonte.slowe-studio.com\/refonte\/wp-content\/uploads\/2025\/09\/Group-4.png 610w, https:\/\/refonte.slowe-studio.com\/refonte\/wp-content\/uploads\/2025\/09\/Group-4-300x156.png 300w\" sizes=\"(max-width: 610px) 100vw, 610px\" \/>\t\t\t\t\t\t\t\t\t\t\t\t\t\t\t<\/div>\n\t\t\t\t<div class=\"elementor-element elementor-element-34d19012 elementor-widget elementor-widget-image\" data-id=\"34d19012\" data-element_type=\"widget\" data-widget_type=\"image.default\">\n\t\t\t\t\t\t\t\t\t\t\t\t\t\t\t<img decoding=\"async\" width=\"570\" height=\"370\" src=\"https:\/\/refonte.slowe-studio.com\/refonte\/wp-content\/uploads\/2025\/09\/Frame-18.png\" class=\"attachment-medium_large size-medium_large wp-image-892\" alt=\"\" srcset=\"https:\/\/refonte.slowe-studio.com\/refonte\/wp-content\/uploads\/2025\/09\/Frame-18.png 570w, https:\/\/refonte.slowe-studio.com\/refonte\/wp-content\/uploads\/2025\/09\/Frame-18-300x195.png 300w\" sizes=\"(max-width: 570px) 100vw, 570px\" \/>\t\t\t\t\t\t\t\t\t\t\t\t\t\t\t<\/div>\n\t\t\t\t<\/div>\n\t\t\t\t\t<\/div>\n\t\t\t\t<\/div>\n\t\t\t\t<\/div>\n\t\t","protected":false},"excerpt":{"rendered":"<p>Offre corporate Slowe Wellness House accompagne les entreprises dans le bien-\u00eatre au travail avec des programmes sur mesure alliant relaxation, coh\u00e9sion d\u2019\u00e9quipe et performance durable. Boostez la performance et l\u2019attractivit\u00e9 de votre entreprise Un espace pour se ressourcer, renforcer la coh\u00e9sion d\u2019\u00e9quipe et stimuler leur cr\u00e9ativit\u00e9. Nos programmes corporate sur-mesure allient toutes nos activit\u00e9s ainsi [&hellip;]<\/p>\n","protected":false},"author":1,"featured_media":0,"parent":0,"menu_order":0,"comment_status":"closed","ping_status":"closed","template":"","meta":{"footnotes":""},"class_list":["post-975","page","type-page","status-publish","hentry"],"_links":{"self":[{"href":"https:\/\/refonte.slowe-studio.com\/refonte\/index.php\/wp-json\/wp\/v2\/pages\/975","targetHints":{"allow":["GET"]}}],"collection":[{"href":"https:\/\/refonte.slowe-studio.com\/refonte\/index.php\/wp-json\/wp\/v2\/pages"}],"about":[{"href":"https:\/\/refonte.slowe-studio.com\/refonte\/index.php\/wp-json\/wp\/v2\/types\/page"}],"author":[{"embeddable":true,"href":"https:\/\/refonte.slowe-studio.com\/refonte\/index.php\/wp-json\/wp\/v2\/users\/1"}],"replies":[{"embeddable":true,"href":"https:\/\/refonte.slowe-studio.com\/refonte\/index.php\/wp-json\/wp\/v2\/comments?post=975"}],"version-history":[{"count":25,"href":"https:\/\/refonte.slowe-studio.com\/refonte\/index.php\/wp-json\/wp\/v2\/pages\/975\/revisions"}],"predecessor-version":[{"id":2145,"href":"https:\/\/refonte.slowe-studio.com\/refonte\/index.php\/wp-json\/wp\/v2\/pages\/975\/revisions\/2145"}],"wp:attachment":[{"href":"https:\/\/refonte.slowe-studio.com\/refonte\/index.php\/wp-json\/wp\/v2\/media?parent=975"}],"curies":[{"name":"wp","href":"https:\/\/api.w.org\/{rel}","templated":true}]}}