{"id":970,"date":"2025-09-16T06:57:58","date_gmt":"2025-09-16T06:57:58","guid":{"rendered":"https:\/\/refonte.slowe-studio.com\/refonte\/?page_id=970"},"modified":"2025-12-05T10:30:57","modified_gmt":"2025-12-05T10:30:57","slug":"presse","status":"publish","type":"page","link":"https:\/\/refonte.slowe-studio.com\/refonte\/index.php\/presse\/","title":{"rendered":"Presse"},"content":{"rendered":"\t\t<div data-elementor-type=\"wp-page\" data-elementor-id=\"970\" class=\"elementor elementor-970\" data-elementor-post-type=\"page\">\n\t\t\t\t<div class=\"elementor-element elementor-element-1630a8e8 e-flex e-con-boxed e-con e-parent\" data-id=\"1630a8e8\" data-element_type=\"container\">\n\t\t\t\t\t<div class=\"e-con-inner\">\n\t\t\t\t<div class=\"elementor-element elementor-element-1ccbb895 title-xxl elementor-invisible elementor-widget elementor-widget-heading\" data-id=\"1ccbb895\" data-element_type=\"widget\" data-settings=\"{&quot;_animation&quot;:&quot;fadeInUp&quot;}\" data-widget_type=\"heading.default\">\n\t\t\t\t\t<p class=\"elementor-heading-title elementor-size-default\">Presse<\/p>\t\t\t\t<\/div>\n\t\t\t\t<div class=\"elementor-element elementor-element-c0388b4 text-body elementor-invisible elementor-widget elementor-widget-text-editor\" data-id=\"c0388b4\" data-element_type=\"widget\" data-settings=\"{&quot;_animation&quot;:&quot;fadeInUp&quot;}\" data-widget_type=\"text-editor.default\">\n\t\t\t\t\t\t\t\t\t<p>Il n\u2019y a pas que la communaut\u00e9 Slowe qui parle bien de nous, mais aussi la presse ! Retrouvez une s\u00e9lection d\u2019articles ici, \u00e0 lire accompagn\u00e9s d\u2019un latte ou pourquoi pas d\u2019un jus frais au Coffee Shop ?<\/p>\t\t\t\t\t\t\t\t<\/div>\n\t\t\t\t\t<\/div>\n\t\t\t\t<\/div>\n\t\t<div class=\"elementor-element elementor-element-f8ecf0d studio-section scroll-wrapper e-flex e-con-boxed e-con e-parent\" data-id=\"f8ecf0d\" data-element_type=\"container\">\n\t\t\t\t\t<div class=\"e-con-inner\">\n\t\t<div class=\"elementor-element elementor-element-f15c91b e-con-full elementor-hidden-mobile horizontal-scroll-fix e-flex e-con e-child\" data-id=\"f15c91b\" data-element_type=\"container\">\n\t\t<div class=\"elementor-element elementor-element-9132f56 e-con-full e-flex e-con e-child\" data-id=\"9132f56\" data-element_type=\"container\" data-settings=\"{&quot;background_background&quot;:&quot;classic&quot;}\">\n\t\t\t\t<div class=\"elementor-element elementor-element-c891133 elementor-widget elementor-widget-image\" data-id=\"c891133\" data-element_type=\"widget\" data-widget_type=\"image.default\">\n\t\t\t\t\t\t\t\t\t\t\t\t\t\t\t<img fetchpriority=\"high\" decoding=\"async\" width=\"300\" height=\"300\" src=\"https:\/\/refonte.slowe-studio.com\/refonte\/wp-content\/uploads\/2025\/09\/kisspng-le-bonbon-food-candy-restaurant-magazine-5af4feb3abc389-1-300x300.png\" class=\"attachment-medium size-medium wp-image-192\" alt=\"\" srcset=\"https:\/\/refonte.slowe-studio.com\/refonte\/wp-content\/uploads\/2025\/09\/kisspng-le-bonbon-food-candy-restaurant-magazine-5af4feb3abc389-1-300x300.png 300w, https:\/\/refonte.slowe-studio.com\/refonte\/wp-content\/uploads\/2025\/09\/kisspng-le-bonbon-food-candy-restaurant-magazine-5af4feb3abc389-1-1024x1024.png 1024w, https:\/\/refonte.slowe-studio.com\/refonte\/wp-content\/uploads\/2025\/09\/kisspng-le-bonbon-food-candy-restaurant-magazine-5af4feb3abc389-1-150x150.png 150w, https:\/\/refonte.slowe-studio.com\/refonte\/wp-content\/uploads\/2025\/09\/kisspng-le-bonbon-food-candy-restaurant-magazine-5af4feb3abc389-1-768x768.png 768w, https:\/\/refonte.slowe-studio.com\/refonte\/wp-content\/uploads\/2025\/09\/kisspng-le-bonbon-food-candy-restaurant-magazine-5af4feb3abc389-1.png 1508w\" sizes=\"(max-width: 300px) 100vw, 300px\" \/>\t\t\t\t\t\t\t\t\t\t\t\t\t\t\t<\/div>\n\t\t\t\t<div class=\"elementor-element elementor-element-786b118 elementor-widget elementor-widget-heading\" data-id=\"786b118\" data-element_type=\"widget\" data-widget_type=\"heading.default\">\n\t\t\t\t\t<h4 class=\"elementor-heading-title elementor-size-default\">\"Le nouveau lieu le plus trendy du 10\u00e8, pour un cours tout en douceur et en \u00e9tirements\"<\/h4>\t\t\t\t<\/div>\n\t\t\t\t<div class=\"elementor-element elementor-element-f456637 elementor-align-center elementor-widget__width-auto elementor-mobile-align-justify elementor-widget-mobile__width-initial cta-responsive elementor-invisible elementor-widget elementor-widget-button\" data-id=\"f456637\" data-element_type=\"widget\" data-settings=\"{&quot;_animation&quot;:&quot;fadeInUp&quot;,&quot;_animation_delay&quot;:200}\" data-widget_type=\"button.default\">\n\t\t\t\t\t\t\t\t\t\t<a class=\"elementor-button elementor-size-sm\" role=\"button\">\n\t\t\t\t\t\t<span class=\"elementor-button-content-wrapper\">\n\t\t\t\t\t\t\t\t\t<span class=\"elementor-button-text\">Lire l'article<\/span>\n\t\t\t\t\t<\/span>\n\t\t\t\t\t<\/a>\n\t\t\t\t\t\t\t\t<\/div>\n\t\t\t\t<\/div>\n\t\t<div class=\"elementor-element elementor-element-f0468c8 e-con-full e-flex e-con e-child\" data-id=\"f0468c8\" data-element_type=\"container\" data-settings=\"{&quot;background_background&quot;:&quot;classic&quot;}\">\n\t\t\t\t<div class=\"elementor-element elementor-element-51dd9ea elementor-widget elementor-widget-image\" data-id=\"51dd9ea\" data-element_type=\"widget\" data-widget_type=\"image.default\">\n\t\t\t\t\t\t\t\t\t\t\t\t\t\t\t<img decoding=\"async\" width=\"300\" height=\"300\" src=\"https:\/\/refonte.slowe-studio.com\/refonte\/wp-content\/uploads\/2025\/09\/Elle-300x300.png\" class=\"attachment-medium size-medium wp-image-193\" alt=\"\" srcset=\"https:\/\/refonte.slowe-studio.com\/refonte\/wp-content\/uploads\/2025\/09\/Elle-300x300.png 300w, https:\/\/refonte.slowe-studio.com\/refonte\/wp-content\/uploads\/2025\/09\/Elle-150x150.png 150w, https:\/\/refonte.slowe-studio.com\/refonte\/wp-content\/uploads\/2025\/09\/Elle.png 643w\" sizes=\"(max-width: 300px) 100vw, 300px\" \/>\t\t\t\t\t\t\t\t\t\t\t\t\t\t\t<\/div>\n\t\t\t\t<div class=\"elementor-element elementor-element-eeb4659 elementor-widget elementor-widget-heading\" data-id=\"eeb4659\" data-element_type=\"widget\" data-widget_type=\"heading.default\">\n\t\t\t\t\t<h4 class=\"elementor-heading-title elementor-size-default\">\u201cOubliez les salles surcharg\u00e9es et oppressantes qui donnent envie de tout, sauf de rester. Ici, la coach prend le temps d'observer chacun de nos mouvements.\u201d<\/h4>\t\t\t\t<\/div>\n\t\t\t\t<div class=\"elementor-element elementor-element-e31ea9f elementor-align-center elementor-widget__width-auto elementor-mobile-align-justify elementor-widget-mobile__width-initial cta-responsive elementor-invisible elementor-widget elementor-widget-button\" data-id=\"e31ea9f\" data-element_type=\"widget\" data-settings=\"{&quot;_animation&quot;:&quot;fadeInUp&quot;,&quot;_animation_delay&quot;:200}\" data-widget_type=\"button.default\">\n\t\t\t\t\t\t\t\t\t\t<a class=\"elementor-button elementor-size-sm\" role=\"button\">\n\t\t\t\t\t\t<span class=\"elementor-button-content-wrapper\">\n\t\t\t\t\t\t\t\t\t<span class=\"elementor-button-text\">Lire l'article<\/span>\n\t\t\t\t\t<\/span>\n\t\t\t\t\t<\/a>\n\t\t\t\t\t\t\t\t<\/div>\n\t\t\t\t<\/div>\n\t\t<div class=\"elementor-element elementor-element-b388397 e-con-full e-flex e-con e-child\" data-id=\"b388397\" data-element_type=\"container\" data-settings=\"{&quot;background_background&quot;:&quot;classic&quot;}\">\n\t\t\t\t<div class=\"elementor-element elementor-element-fa84377 elementor-widget elementor-widget-image\" data-id=\"fa84377\" data-element_type=\"widget\" data-widget_type=\"image.default\">\n\t\t\t\t\t\t\t\t\t\t\t\t\t\t\t<img decoding=\"async\" width=\"300\" height=\"300\" src=\"https:\/\/refonte.slowe-studio.com\/refonte\/wp-content\/uploads\/2025\/09\/Vogue-300x300.png\" class=\"attachment-medium size-medium wp-image-194\" alt=\"\" srcset=\"https:\/\/refonte.slowe-studio.com\/refonte\/wp-content\/uploads\/2025\/09\/Vogue-300x300.png 300w, https:\/\/refonte.slowe-studio.com\/refonte\/wp-content\/uploads\/2025\/09\/Vogue-1024x1024.png 1024w, https:\/\/refonte.slowe-studio.com\/refonte\/wp-content\/uploads\/2025\/09\/Vogue-150x150.png 150w, https:\/\/refonte.slowe-studio.com\/refonte\/wp-content\/uploads\/2025\/09\/Vogue-768x768.png 768w, https:\/\/refonte.slowe-studio.com\/refonte\/wp-content\/uploads\/2025\/09\/Vogue.png 1200w\" sizes=\"(max-width: 300px) 100vw, 300px\" \/>\t\t\t\t\t\t\t\t\t\t\t\t\t\t\t<\/div>\n\t\t\t\t<div class=\"elementor-element elementor-element-141f488 elementor-widget elementor-widget-heading\" data-id=\"141f488\" data-element_type=\"widget\" data-widget_type=\"heading.default\">\n\t\t\t\t\t<h4 class=\"elementor-heading-title elementor-size-default\">\"Sport : les 6 nouvelles disciplines \u00e0 tester absolument en 2022\"\u200b<\/h4>\t\t\t\t<\/div>\n\t\t\t\t<div class=\"elementor-element elementor-element-3af767d elementor-align-center elementor-widget__width-auto elementor-mobile-align-justify elementor-widget-mobile__width-initial cta-responsive elementor-invisible elementor-widget elementor-widget-button\" data-id=\"3af767d\" data-element_type=\"widget\" data-settings=\"{&quot;_animation&quot;:&quot;fadeInUp&quot;,&quot;_animation_delay&quot;:200}\" data-widget_type=\"button.default\">\n\t\t\t\t\t\t\t\t\t\t<a class=\"elementor-button elementor-size-sm\" role=\"button\">\n\t\t\t\t\t\t<span class=\"elementor-button-content-wrapper\">\n\t\t\t\t\t\t\t\t\t<span class=\"elementor-button-text\">Lire l'article<\/span>\n\t\t\t\t\t<\/span>\n\t\t\t\t\t<\/a>\n\t\t\t\t\t\t\t\t<\/div>\n\t\t\t\t<\/div>\n\t\t<div class=\"elementor-element elementor-element-6003d04 e-con-full e-flex e-con e-child\" data-id=\"6003d04\" data-element_type=\"container\" data-settings=\"{&quot;background_background&quot;:&quot;classic&quot;}\">\n\t\t\t\t<div class=\"elementor-element elementor-element-d338f32 elementor-widget elementor-widget-image\" data-id=\"d338f32\" data-element_type=\"widget\" data-widget_type=\"image.default\">\n\t\t\t\t\t\t\t\t\t\t\t\t\t\t\t<img loading=\"lazy\" decoding=\"async\" width=\"300\" height=\"300\" src=\"https:\/\/refonte.slowe-studio.com\/refonte\/wp-content\/uploads\/2025\/09\/Holissence-1-300x300.png\" class=\"attachment-medium size-medium wp-image-196\" alt=\"\" srcset=\"https:\/\/refonte.slowe-studio.com\/refonte\/wp-content\/uploads\/2025\/09\/Holissence-1-300x300.png 300w, https:\/\/refonte.slowe-studio.com\/refonte\/wp-content\/uploads\/2025\/09\/Holissence-1-150x150.png 150w, https:\/\/refonte.slowe-studio.com\/refonte\/wp-content\/uploads\/2025\/09\/Holissence-1.png 600w\" sizes=\"(max-width: 300px) 100vw, 300px\" \/>\t\t\t\t\t\t\t\t\t\t\t\t\t\t\t<\/div>\n\t\t\t\t<div class=\"elementor-element elementor-element-a19b327 elementor-widget elementor-widget-heading\" data-id=\"a19b327\" data-element_type=\"widget\" data-widget_type=\"heading.default\">\n\t\t\t\t\t<h4 class=\"elementor-heading-title elementor-size-default\">\"C\u2019est LE nouveau lieu d\u00e9di\u00e9 au sport, \u00e0 la sant\u00e9 et au bien-\u00eatre.\"<\/h4>\t\t\t\t<\/div>\n\t\t\t\t<div class=\"elementor-element elementor-element-e48e96b elementor-align-center elementor-widget__width-auto elementor-mobile-align-justify elementor-widget-mobile__width-initial cta-responsive elementor-invisible elementor-widget elementor-widget-button\" data-id=\"e48e96b\" data-element_type=\"widget\" data-settings=\"{&quot;_animation&quot;:&quot;fadeInUp&quot;,&quot;_animation_delay&quot;:200}\" data-widget_type=\"button.default\">\n\t\t\t\t\t\t\t\t\t\t<a class=\"elementor-button elementor-size-sm\" role=\"button\">\n\t\t\t\t\t\t<span class=\"elementor-button-content-wrapper\">\n\t\t\t\t\t\t\t\t\t<span class=\"elementor-button-text\">Lire l'article<\/span>\n\t\t\t\t\t<\/span>\n\t\t\t\t\t<\/a>\n\t\t\t\t\t\t\t\t<\/div>\n\t\t\t\t<\/div>\n\t\t<div class=\"elementor-element elementor-element-9139d99 e-con-full e-flex e-con e-child\" data-id=\"9139d99\" data-element_type=\"container\" data-settings=\"{&quot;background_background&quot;:&quot;classic&quot;}\">\n\t\t\t\t<div class=\"elementor-element elementor-element-53f1d24 elementor-widget elementor-widget-image\" data-id=\"53f1d24\" data-element_type=\"widget\" data-widget_type=\"image.default\">\n\t\t\t\t\t\t\t\t\t\t\t\t\t\t\t<img loading=\"lazy\" decoding=\"async\" width=\"300\" height=\"300\" src=\"https:\/\/refonte.slowe-studio.com\/refonte\/wp-content\/uploads\/2025\/09\/MLP-300x300.png\" class=\"attachment-medium size-medium wp-image-195\" alt=\"\" srcset=\"https:\/\/refonte.slowe-studio.com\/refonte\/wp-content\/uploads\/2025\/09\/MLP-300x300.png 300w, https:\/\/refonte.slowe-studio.com\/refonte\/wp-content\/uploads\/2025\/09\/MLP-150x150.png 150w, https:\/\/refonte.slowe-studio.com\/refonte\/wp-content\/uploads\/2025\/09\/MLP.png 500w\" sizes=\"(max-width: 300px) 100vw, 300px\" \/>\t\t\t\t\t\t\t\t\t\t\t\t\t\t\t<\/div>\n\t\t\t\t<div class=\"elementor-element elementor-element-405b6a2 elementor-widget elementor-widget-heading\" data-id=\"405b6a2\" data-element_type=\"widget\" data-widget_type=\"heading.default\">\n\t\t\t\t\t<h4 class=\"elementor-heading-title elementor-size-default\">\"On oublie les usines \u00e0 sueur avec un coach qui hurle \u00ab no pain, no gain \u00bb. Ici, on se d\u00e9foule pour s\u2019apaiser.\"<\/h4>\t\t\t\t<\/div>\n\t\t\t\t<div class=\"elementor-element elementor-element-2bbb0c4 elementor-align-center elementor-widget__width-auto elementor-mobile-align-justify elementor-widget-mobile__width-initial cta-responsive elementor-invisible elementor-widget elementor-widget-button\" data-id=\"2bbb0c4\" data-element_type=\"widget\" data-settings=\"{&quot;_animation&quot;:&quot;fadeInUp&quot;,&quot;_animation_delay&quot;:200}\" data-widget_type=\"button.default\">\n\t\t\t\t\t\t\t\t\t\t<a class=\"elementor-button elementor-size-sm\" role=\"button\">\n\t\t\t\t\t\t<span class=\"elementor-button-content-wrapper\">\n\t\t\t\t\t\t\t\t\t<span class=\"elementor-button-text\">Lire l'article<\/span>\n\t\t\t\t\t<\/span>\n\t\t\t\t\t<\/a>\n\t\t\t\t\t\t\t\t<\/div>\n\t\t\t\t<\/div>\n\t\t\t\t<\/div>\n\t\t\t\t\t<\/div>\n\t\t\t\t<\/div>\n\t\t<div class=\"elementor-element elementor-element-2929d284 e-flex e-con-boxed e-con e-parent\" data-id=\"2929d284\" data-element_type=\"container\">\n\t\t\t\t\t<div class=\"e-con-inner\">\n\t\t<div class=\"elementor-element elementor-element-6deccd98 e-con-full e-flex e-con e-child\" data-id=\"6deccd98\" data-element_type=\"container\">\n\t\t<div class=\"elementor-element elementor-element-159d164c e-flex e-con-boxed e-con e-child\" data-id=\"159d164c\" data-element_type=\"container\">\n\t\t\t\t\t<div class=\"e-con-inner\">\n\t\t\t\t<div class=\"elementor-element elementor-element-7b15adf8 elementor-widget elementor-widget-heading\" data-id=\"7b15adf8\" data-element_type=\"widget\" data-widget_type=\"heading.default\">\n\t\t\t\t\t<p class=\"elementor-heading-title elementor-size-default\">Contact Presse<\/p>\t\t\t\t<\/div>\n\t\t\t\t<div class=\"elementor-element elementor-element-6bee8c82 text-body elementor-widget elementor-widget-text-editor\" data-id=\"6bee8c82\" data-element_type=\"widget\" data-widget_type=\"text-editor.default\">\n\t\t\t\t\t\t\t\t\t<p>Vous souhaitez visiter le studio, essayer un cours dans le cadre<br \/>de la r\u00e9daction d\u2019un article, ou bien proposer une collaboration<br \/>avec votre marque ?<\/p>\t\t\t\t\t\t\t\t<\/div>\n\t\t\t\t\t<\/div>\n\t\t\t\t<\/div>\n\t\t<div class=\"elementor-element elementor-element-3b4c207a e-con-full e-flex e-con e-child\" data-id=\"3b4c207a\" data-element_type=\"container\">\n\t\t\t\t<div class=\"elementor-element elementor-element-74cde6 elementor-widget__width-auto elementor-mobile-align-justify cta-responsive elementor-invisible elementor-widget elementor-widget-button\" data-id=\"74cde6\" data-element_type=\"widget\" data-settings=\"{&quot;_animation&quot;:&quot;fadeInUp&quot;,&quot;_animation_delay&quot;:300}\" data-widget_type=\"button.default\">\n\t\t\t\t\t\t\t\t\t\t<a class=\"elementor-button elementor-button-link elementor-size-sm\" href=\"mailto:hello@slowe-studio.com%20?subject=Contact%20presse\">\n\t\t\t\t\t\t<span class=\"elementor-button-content-wrapper\">\n\t\t\t\t\t\t\t\t\t<span class=\"elementor-button-text\">Envoyer ma demande<\/span>\n\t\t\t\t\t<\/span>\n\t\t\t\t\t<\/a>\n\t\t\t\t\t\t\t\t<\/div>\n\t\t\t\t<\/div>\n\t\t\t\t<\/div>\n\t\t<div class=\"elementor-element elementor-element-7e7a70ba e-con-full e-flex elementor-invisible e-con e-child\" data-id=\"7e7a70ba\" data-element_type=\"container\" data-settings=\"{&quot;animation&quot;:&quot;fadeInUp&quot;,&quot;animation_delay&quot;:400,&quot;background_background&quot;:&quot;classic&quot;}\">\n\t\t\t\t<div class=\"elementor-element elementor-element-4cfee587 elementor-absolute elementor-widget elementor-widget-image\" data-id=\"4cfee587\" data-element_type=\"widget\" data-settings=\"{&quot;_position&quot;:&quot;absolute&quot;}\" data-widget_type=\"image.default\">\n\t\t\t\t\t\t\t\t\t\t\t\t\t\t\t<img loading=\"lazy\" decoding=\"async\" width=\"610\" height=\"318\" src=\"https:\/\/refonte.slowe-studio.com\/refonte\/wp-content\/uploads\/2025\/09\/Group-4.png\" class=\"attachment-medium_large size-medium_large wp-image-891\" alt=\"\" srcset=\"https:\/\/refonte.slowe-studio.com\/refonte\/wp-content\/uploads\/2025\/09\/Group-4.png 610w, https:\/\/refonte.slowe-studio.com\/refonte\/wp-content\/uploads\/2025\/09\/Group-4-300x156.png 300w\" sizes=\"(max-width: 610px) 100vw, 610px\" \/>\t\t\t\t\t\t\t\t\t\t\t\t\t\t\t<\/div>\n\t\t\t\t<div class=\"elementor-element elementor-element-6a9678fb elementor-widget elementor-widget-image\" data-id=\"6a9678fb\" data-element_type=\"widget\" data-widget_type=\"image.default\">\n\t\t\t\t\t\t\t\t\t\t\t\t\t\t\t<img loading=\"lazy\" decoding=\"async\" width=\"570\" height=\"370\" src=\"https:\/\/refonte.slowe-studio.com\/refonte\/wp-content\/uploads\/2025\/09\/Frame-18.png\" class=\"attachment-medium_large size-medium_large wp-image-892\" alt=\"\" srcset=\"https:\/\/refonte.slowe-studio.com\/refonte\/wp-content\/uploads\/2025\/09\/Frame-18.png 570w, https:\/\/refonte.slowe-studio.com\/refonte\/wp-content\/uploads\/2025\/09\/Frame-18-300x195.png 300w\" sizes=\"(max-width: 570px) 100vw, 570px\" \/>\t\t\t\t\t\t\t\t\t\t\t\t\t\t\t<\/div>\n\t\t\t\t<\/div>\n\t\t\t\t\t<\/div>\n\t\t\t\t<\/div>\n\t\t\t\t<\/div>\n\t\t","protected":false},"excerpt":{"rendered":"<p>Presse Il n\u2019y a pas que la communaut\u00e9 Slowe qui parle bien de nous, mais aussi la presse ! Retrouvez une s\u00e9lection d\u2019articles ici, \u00e0 lire accompagn\u00e9s d\u2019un latte ou pourquoi pas d\u2019un jus frais au Coffee Shop ? \u00ab\u00a0Le nouveau lieu le plus trendy du 10\u00e8, pour un cours tout en douceur et en [&hellip;]<\/p>\n","protected":false},"author":1,"featured_media":0,"parent":0,"menu_order":0,"comment_status":"closed","ping_status":"closed","template":"","meta":{"footnotes":""},"class_list":["post-970","page","type-page","status-publish","hentry"],"_links":{"self":[{"href":"https:\/\/refonte.slowe-studio.com\/refonte\/index.php\/wp-json\/wp\/v2\/pages\/970","targetHints":{"allow":["GET"]}}],"collection":[{"href":"https:\/\/refonte.slowe-studio.com\/refonte\/index.php\/wp-json\/wp\/v2\/pages"}],"about":[{"href":"https:\/\/refonte.slowe-studio.com\/refonte\/index.php\/wp-json\/wp\/v2\/types\/page"}],"author":[{"embeddable":true,"href":"https:\/\/refonte.slowe-studio.com\/refonte\/index.php\/wp-json\/wp\/v2\/users\/1"}],"replies":[{"embeddable":true,"href":"https:\/\/refonte.slowe-studio.com\/refonte\/index.php\/wp-json\/wp\/v2\/comments?post=970"}],"version-history":[{"count":25,"href":"https:\/\/refonte.slowe-studio.com\/refonte\/index.php\/wp-json\/wp\/v2\/pages\/970\/revisions"}],"predecessor-version":[{"id":3129,"href":"https:\/\/refonte.slowe-studio.com\/refonte\/index.php\/wp-json\/wp\/v2\/pages\/970\/revisions\/3129"}],"wp:attachment":[{"href":"https:\/\/refonte.slowe-studio.com\/refonte\/index.php\/wp-json\/wp\/v2\/media?parent=970"}],"curies":[{"name":"wp","href":"https:\/\/api.w.org\/{rel}","templated":true}]}}